actors of 4710/m + 2/(-7)?
67
Let x(u) = -2*u - u**2 + 59 - 10 + 31 + 8 - u**3. Let y(a) = a**3 + 5*a**2 - 6*a. Let k be y(-6). What are the prime factors of x(k)?
2, 11
Let w(t) = t**2 - 2*t - 13. Let f be w(5). Suppose -2*o + 17 = -69. Let k = o + f. List the prime factors of k.
3, 5
Let x(t) = -15*t + 5850. List the prime factors of x(0).
2, 3, 5, 13
Suppose c + 4*c = 2*g - 24956, 0 = 2*g - c - 24980. List the prime factors of g.
13, 31
Let y = 11833 + 4882. List the prime factors of y.
5, 3343
Let a = 8 - 1. Suppose -5*y + 390 = 5*h, -4*h + a*h + 333 = 4*y. What are the prime factors of y?
3
Suppose 475*k - 56063 = 468*k. List the prime factors of k.
8009
Let l = 34 + -14. Suppose 0 = 5*s - 5*z + l, -2*s - 16 = -6*z + 2*z. Let y(t) = t**2 - t + 54. What are the prime factors of y(s)?
2, 3
Let p(r) = -4*r**2 - 29*r + 24. Let q be p(-8). Suppose q = 8*l - 5*l + z - 1280, -1695 = -4*l + z. What are the prime factors of l?
5, 17
Let m(y) = -y**3 + y**2 - 1. Let z be m(-1). Let p be 34*z*(-15)/(-3). Suppose -4*w + 2*q + 161 = -47, 3*w - 5*q = p. What are the prime factors of w?
2, 5
Let p(y) = 2*y**3 + 3*y**2 + 24*y + 12. Let r be p(-10). Let d = -1322 - r. List the prime factors of d.
2, 3, 101
Let x be 55 - ((-4)/10 - (-595)/175). List the prime factors of ((-78)/x)/(3/(-2036)).
2, 509
Let g be (13341/(-6) - -4) + 9/18. Let f = -1042 - g. List the prime factors of f.
11, 107
List the prime factors of ((-64)/32)/((46521/46522 - 1)*4).
7, 3323
Suppose 2*a - 8 = -4*d + 3*d, -d = a - 6. Let x(j) = -236*j + d + j**2 + 0*j**2 + 234*j. What are the prime factors of x(-5)?
3, 13
Let t be 4*((-4 - (-41)/2) + 2). Let o = 75 - t. What are the prime factors of (3 - -42) + (3 - (2 - o))?
47
Let w(m) = 12*m**2 + 45*m - 1084. What are the prime factors of w(55)?
37691
Let g be 6/(-4)*((-329)/21 + 7). Suppose -g*p + 36*p = 3795. List the prime factors of p.
3, 5, 11
Let b be (2 - 0) + -6 - -6. Suppose i + 2*v - 474 = 0, 1438 = 3*i - 0*i + b*v. List the prime factors of i.
2, 241
Suppose -97*q + 98*q = 16913. List the prime factors of q.
13, 1301
Let i(f) = 6*f**3 + 16*f**2 + 14*f - 43. Let l(h) = h**3 - h**2 - h. Let a(r) = -i(r) + 5*l(r). Let u be a(-19). Let p = -133 - u. List the prime factors of p.
5, 37
Let c(r) = -r + 8. Let k be c(4). Suppose -k = 4*z + 8. What are the prime factors of 2 - (-58 - (z + -1))?
2, 7
Let d = -6965 - -14706. List the prime factors of d.
7741
Let b = 45292 + -23330. What are the prime factors of b?
2, 79, 139
Let c be 7*((-5 - -1) + 0/5). List the prime factors of (450/(-21))/(4/c).
2, 3, 5
Let r = 82 - 79. Suppose -3*w + 222 = 4*h, 0 = -2*h + r*w - 43 + 163. List the prime factors of h.
3, 19
Suppose 0 = -u - 1, 3*p - u = -6*u - 113. Let k be p/(-27)*(-3)/2. Let m(h) = -30*h + 4. List the prime factors of m(k).
2
Let t be (0 - -4)*368/(-4). List the prime factors of (0 - t) + 39 + -39.
2, 23
Suppose 0 = 5*q + 1 - 11. Suppose 3*h = 5*b + q, -3*h = -b - b - 8. List the prime factors of (b/3)/(21/63).
2
Suppose 226*f = 222*f + 4*u + 209592, -5*u + 471526 = 9*f. List the prime factors of f.
2, 17, 23, 67
What are the prime factors of 910430/42 + (-56)/(-588) + -9?
2, 5417
Let j(h) = h**2 + 3*h - 1. Let c(r) = -8*r**2 - 22*r + 3. Let m(t) = -c(t) - 5*j(t). Let g = -1 + -5. What are the prime factors of m(g)?
2, 17
Let u(h) be the third derivative of h**6/60 + h**5/60 + h**4/24 - 7*h**3/6 + h**2 - 1212*h. Let o = 1 - -2. List the prime factors of u(o).
59
Suppose 29*h - 32*h = 0. Suppose h = -2*n - 5*c + 924, 1826 = 5*n - n - c. What are the prime factors of n?
457
Suppose 327*p - 98*p - 2760336 - 5957923 = 0. List the prime factors of p.
11, 3461
Let p be (2/(-10))/((-13)/130). Suppose p*a = 3*i - 192, i + 0*i + 5*a = 64. Suppose -f = -i - 62. List the prime factors of f.
2, 3, 7
Let a = -235 + 240. Suppose 12*g + a*g - 3910 = 0. What are the prime factors of g?
2, 5, 23
Let m be (-2)/8 - 57260/(-112). Suppose -12*z - m = -5*z. Let x = 124 + z. List the prime factors of x.
3, 17
Let q be (-141)/(((-15)/6)/(-5)*2). Let p = q + 82. List the prime factors of (p/2)/((-1)/2).
59
List the prime factors of -3 - (-9832 + -6 + -3)*(3 - -2).
2, 73, 337
Let u(o) = -18*o**2 - 6*o - 36. Let h(q) = -18*q**2 - 6*q - 37. Let v(l) = 5*h(l) - 6*u(l). What are the prime factors of v(-10)?
7, 11, 23
Let a be (-1)/2*10 + 11. Suppose 2*d = 4*b + 460, 3*d = a*d - 4*b - 680. What are the prime factors of d?
2, 5, 11
Let m(d) = 390*d**3 + 2*d**2 + d - 2. Suppose 24*r = 22*r + 2. What are the prime factors of m(r)?
17, 23
Suppose 3*z + 170 = -5*a, -30 - 38 = 2*a + 5*z. Let h(s) = s**2 + 24*s + 44. What are the prime factors of h(a)?
2, 3
Suppose 433*l = 471*l - 289294. List the prime factors of l.
23, 331
Let n(o) = 358*o + 58. Let d be n(-4). Let g = d - -2009. List the prime factors of g.
5, 127
List the prime factors of ((-63)/(756/(-99600)))/(2/5).
2, 5, 83
Suppose 9*f - 120739 = -2*p, 71*f + 181124 = 3*p + 69*f. What are the prime factors of p?
2, 30187
Let r(z) = -z**3 + z**2 + 2*z - 3. Let a be r(3). Let d be 117/((-7)/((-350)/a)). Let j = -233 - d. What are the prime factors of j?
157
List the prime factors of 570/((7 - (-8110)/(-1143)) + 1/9).
3, 5, 19, 127
Let b = 184 - 184. Suppose -7*w + 3558 + 775 = b. What are the prime factors of w?
619
Let k be (2 + 0)*-2 - (0 + 5). List the prime factors of 3*(-6 - 1239/k).
5, 79
Suppose 5*f - 136 = -3*f. Let h(n) = n + 2*n - n + n - f. What are the prime factors of h(15)?
2, 7
Suppose 3*l - 14*h - 1200 = -17*h, 396 = l + 3*h. Let g = 850 - l. List the prime factors of g.
2, 7
Let v(q) = 12 + 45*q + 5 - 102*q + 121*q - 3. What are the prime factors of v(26)?
2, 839
Let u(t) = -3*t**3 - 302*t**2 - 209*t + 501. What are the prime factors of u(-101)?
13, 2447
Let p(m) = m**2 - 18*m - 40. Let y be p(23). What are the prime factors of (-138 - y)*(-4)/3?
2, 71
Let y = -16457 - -23663. List the prime factors of y.
2, 3, 1201
Suppose 5*q + 0*q = 0. Suppose q = 4*h - h - 2*h. List the prime factors of (h - 0 - -1) + 102.
103
Suppose 3*v + 8*v = v. Suppose v = 2*w - 1406 - 1862. List the prime factors of w.
2, 19, 43
Let z(x) = -x**3 - x**2 - 3*x - 9. Let q be z(0). What are the prime factors of (8 + -5)/(q/(-78))?
2, 13
Suppose 7785 + 14055 = 21*j + 1302. What are the prime factors of j?
2, 3, 163
Suppose 4*x = -3*a - x + 58, 0 = -2*x + 10. Let r(i) = -i - 1. Let q(p) = -7*p + 32. Let s(v) = -q(v) + 3*r(v). List the prime factors of s(a).
3
Let j(f) = 563*f**3 - 4*f + 5. Let n be j(1). Let p = n - 141. List the prime factors of p.
3, 47
Suppose -w - u + 8827 = 0, 38*u + 8835 = w + 35*u. List the prime factors of w.
3, 109
Suppose u = -2 - 16. Let j(p) = p**2 + 18*p + 18. Let c be j(u). Suppose 84 = 6*b + c. What are the prime factors of b?
11
Let i(a) = 4397*a**2 - 23*a - 56. List the prime factors of i(-2).
2, 11, 17, 47
Let r(j) = -8*j - 38. Suppose 2*z - 24 = 4*z. List the prime factors of r(z).
2, 29
Suppose 51*h + 1445472 = -24*h + 111*h. List the prime factors of h.
2, 3, 7, 239
Let u = 84 + -119. Let n be (90/(-40))/(1/24). Let h = u - n. What are the prime factors of h?
19
Suppose -54*b + 44*b = -9430. Let r = b + -346. What are the prime factors of r?
3, 199
Let k = 8411 + -5903. Suppose 11*a - k = 5*a. What are the prime factors of a?
2, 11, 19
Suppose -f + 2*c + 1 + 2 = 0, -2*c = 2*f - 12. Suppose 3*g = -2*t + 24, -2*g - g + 24 = -f*t. Let q(b) = 7*b + 7. List the prime factors of q(g).
3, 7
Let b = 1907 + -885. Let q = b + -499. What are the prime factors of q?
523
Let x = -62 + 66. Suppose x*n - 190 = -o, o + 17 - 200 = 3*n. What are the prime factors of o?
2, 3, 31
Let i(g) be the first derivative of g**4/4 + 2*g**3 - 3*g**2 - 9*g + 21. Let a be i(-6). What are the prime factors of a/18 - 167/(-2)?
5, 17
Let p(z) = -4*z**3 - 7*z**2 - 5*z + 70. What are the prime factors of p(-15)?
2, 5, 17, 71
Suppose -f = 8*g - 6*g - 663, 4*g = -5*f + 1311. Suppose 0 = -4*d - g + 1726. What are the prime factors of d?
2, 3, 29
Let x(q) = q - 1. Let j(k) = -k**3 + 8*k - 1. Let r(u) = -j(u) + 2*x(u). Let y be r(5). List the prime factors of y/1 + (-2)/3*3.
2, 23
Let m(n) = -639 + 319 + 311 + 13*n**2 - n. List the prime factors of m(-7).
5, 127
Let b be 1491 + (-5 - (-9)/3). Let w = b + -937. What are the prime f